- 2*x**3 + x**3 + 1 - 1 - 1. Let t(w) = -3*w**3 - 6*w - 3. Let f(o) = 4*q(o) - t(o). Suppose -24*l = -29*l + 5. Determine f(l).
0
Let v be 36/(-15)*(-10)/(-4). Let k(l) = -7*l**3 + l**2 + 13*l + 6. Let a(g) = -g**3 + g**2 + g + 1. Let p(r) = -6*a(r) + k(r). Determine p(v).
-6
Let s be 4*2*(0 + 63/28). Let x(h) = -h**3 + 17*h**2 + 19*h - 16. Determine x(s).
2
Let w(y) = -4 - 338*y**3 + 166*y**3 + 3 + 173*y**3. Let f be ((-6)/1)/(4/(-4)). Let o = f + -6. What is w(o)?
-1
Let n(d) = 7*d + 2. Let t(j) = j**3 - 4*j**2 + j + 2. Let k be t(3). Let r = k - -9. Suppose 3*l + r = 3*m - 4, 4*l + 5*m = -3. What is n(l)?
-12
Suppose -102*d = -7*d. Let a(p) = -p**2 - 10. Give a(d).
-10
Let f(r) = -76 + 160 - r - 83. Let z(b) = b**2 - 2*b - 1. Let t(l) = l + 1. Let y be t(-3). Let m(o) = y*f(o) + z(o). Determine m(-3).
6
Suppose 11*q - 15*q + 3 = -3*k, 0 = 2*q - 2*k - 2. Let z(i) be the third derivative of 3/20*i**5 + 0*i + 0 + q*i**4 - 2*i**2 - 1/6*i**3. What is z(-1)?
8
Let h(g) = -g**3 - 7*g**2 - 14*g - 14. Let n be h(-4). Let i = 5 - -3. Let w(k) = -i - 4*k + 4*k - k. Give w(n).
-2
Let s(x) = -24*x + 18*x - 2 + 15*x - 8*x + 2*x**3. Give s(1).
1
Let v(r) = -r**2 + 5*r + 5. Let w(g) = -g**3 + 6*g**2 + 6*g + 2. Let q be w(5). Let z = q - 51. Calculate v(z).
-1
Let h(c) = -28*c + 239. Let u be h(8). Let k(s) = -2*s**2 + 29*s + 25. Determine k(u).
10
Let m(q) = 17*q**2 + 2 + 8*q - 8 + 10*q**2 - 28*q**2. Let c(t) = 1 + 9*t**2 + 1 - 10*t**2 + 5*t. Let l be c(4). Give m(l).
6
Let w(q) = q**3 + 3*q**2 - 2*q + 4. Suppose 5*l - 120 = -3*l. Suppose 2*s - 3*i = 6*s + l, -i + 8 = -3*s. What is w(s)?
10
Let n(i) = -4*i**2 - 4*i**3 + 2*i**3 + i**3 - 5 - 4*i**2 - 7*i. What is n(-7)?
-5
Let o(u) = u + 3. Suppose -3*d - 24 = -6*d. Suppose -v + 17 = 4. Let i = d - v. Calculate o(i).
-2
Let t = -34 - -39. Let o(c) be the first derivative of c**3/6 + 3*c**2/2 + 4*c - 4. Let x(q) be the first derivative of o(q). Give x(t).
8
Let o(c) = 16*c**2 + 4*c - 26. Let m(s) = 6*s**2 + 2*s - 9. Let l(x) = -11*m(x) + 4*o(x). Determine l(-4).
-13
Suppose -3*q - 368 = -362. Let d(i) = 24*i - 1. Give d(q).
-49
Let l(c) = -2 - 5*c + 176*c**2 + 179*c**2 + c - 528*c**2 + 174*c**2. Calculate l(2).
-6
Let y(w) be the second derivative of -w**3/6 + w**2/2 - w. Let u be (9 - (8 - 5))*(1 - 0). Determine y(u).
-5
Let y = 10 - 16. Let j(p) be the first derivative of 133*p - 3*p**2 - 134*p - 47 - p**2 + 3*p**2. Give j(y).
11
Let s(c) = -4*c. Let q(r) = -2*r + 1. Let f(g) = 5*q(g) - 3*s(g). Calculate f(-5).
-5
Let v be (5 - 4)*1*2*2. Let q(s) = -3*s**2 + 15*s - 8. Let i be q(v). Let a(o) = -o**3 + 3*o**2 + 4*o + 5. What is a(i)?
5
Let c = -482 - -449. Let x(v) = v**2 + 32*v - 27. Give x(c).
6
Suppose 11 = -n - 0. Let v(u) = -u**3 - 11*u**2 + 10. What is v(n)?
10
Let j(g) = g**2 + 2*g + 2. Suppose 3*s - 2*k = -0*s - 7, -s - 5*k = 8. Let v be j(s). Let t(a) = -v*a - 1 + 2 + 8*a + 0. Determine t(1).
4
Let a(c) be the third derivative of c**6/120 - c**5/60 - c**4/24 - c**3/6 - 309*c**2. Calculate a(0).
-1
Suppose -9*t = -15*t + 48. Suppose 5*m = m - t. Let q(p) = -3*p**2 - p - 1. Give q(m).
-11
Let d = 35 - 30. Let n(b) = b**3 - 6*b**2 + 4*b - 2. Determine n(d).
-7
Let w(p) = p**2 - 4*p + 3. Let h be w(4). Suppose 5*d + h - 18 = 0. Let b(k) = -d + k + 3*k - 2*k. Calculate b(5).
7
Let q(p) = 5*p**2 + 4*p - 4. Let t(i) = 4*i**2 + 3*i - 4. Let n(m) = 5*q(m) - 6*t(m). Let r = 45 + -17. Let k = r - 31. Calculate n(k).
7
Let w be 0/(-1*1*2). Let d(u) = -846*u**2 + u**3 + 846*u**2. Let f(a) = -5*a**3 - a**2 + 6. Let t(y) = -6*d(y) - f(y). Calculate t(w).
-6
Let c be (1 - -2)*12/9. Let g be 1 - (-4)/(-3 + 4). Let m(o) = -3*o - g - 1 + 8*o - 2*o. Determine m(c).
6
Let u(h) = 227*h + 2. Let g(k) = 170*k + 2. Let r(b) = 4*g(b) - 3*u(b). Suppose 9*i + 15 = 4*i. Let m(x) = -x**2 + 4. Let z be m(i). Determine r(z).
7
Let a(j) = j. Let u(c) = -6*c + 24. Let m(s) = -5*a(s) - u(s). Calculate m(7).
-17
Suppose 4 = 2*q + 32. Let u be (q/(-6))/(4/12). Let z(i) = 4*i - u - 41*i**2 + 4*i + 40*i**2. Determine z(5).
8
Let z be ((-5)/((-245)/(-42)))/(1/7). Let n(m) = m**3 + 7*m**2 + 6*m + 3. What is n(z)?
3
Let y(b) = -7*b + 83. Let q be y(12). Let j(t) = -5*t**2 - 2*t - 1. What is j(q)?
-4
Let p(h) = -4*h + 0*h**2 + 25 + 21 - 42 - h**2. Determine p(-6).
-8
Let m(f) be the third derivative of -f**6/30 + f**5/60 - f**4/24 + f**3/6 + 80*f**2. Calculate m(1).
-3
Let l(s) = 19*s + 1. Let k(j) = -39*j - 3. Let t(w) = -2*k(w) - 5*l(w). Let v(i) = -i**3 + 47*i**2 + 3*i - 142. Let b be v(47). Calculate t(b).
18
Let y(o) = o**2 + 3*o - 6. Suppose -2*j - 5*x - 48 = -1, -x = -5. Let g be (3/2)/(j/192). Let s be (-1 + -4)/(9 + g). Determine y(s).
4
Let n(u) = 4*u + 3. Let h be n(5). Suppose -2*k = -0*k - 3*o - 4, 4*o - h = -3*k. Let r(x) = -x**3 + 5*x**2 - x - 7. Calculate r(k).
-12
Let c(o) = o**3 - 8*o**2 + 8*o - 6. Let m(y) = 2*y**2 - 8*y + 7. Let g be m(4). Determine c(g).
1
Let l(n) = -5*n + 8*n**2 - n**3 + 10*n**2 - n - 10 - n - 10*n. Calculate l(17).
-10
Let t = -126 + 182. Suppose -7*l = -11*l - t. Let c = 8 + l. Let h(y) = -y**3 - 6*y**2 + 3. Give h(c).
3
Let g(o) = o**2 + 6*o - 9. Let x(j) = 3*j**2 + j + 24. Let a be x(-7). Let v = 157 - a. Give g(v).
-2
Let r be (1 + -3)/((-4)/10). Let n(g) = -2*g - 3*g - r + 6*g. Calculate n(5).
0
Let g(l) = l - 10. Let v = -856 - -850. Calculate g(v).
-16
Let p(n) = 43*n**2 - 34*n + 22*n - 23*n**2 - 19*n**2 + 7. Determine p(9).
-20
Let c = 169 + -170. Let i(j) = -8*j**2 - j - 1. Determine i(c).
-8
Suppose 0 = -4*t - 3 + 15. Let p(s) = -2*s**2 - 2 - 2*s**t + 4*s**3 - s**3. Suppose -5*g + 7 = -3*u, -4*g + 19*u = 21*u - 10. Give p(g).
-2
Let k(b) = -2*b - 10. Suppose -16 = 21*d - 19*d. Give k(d).
6
Let b(o) = -o**2 - 2*o - 1. Let c = 85 + -83. Suppose 5*q = -c + 12. Give b(q).
-9
Let n = -2 + -1. Let b(z) be the first derivative of z**4/4 + z**3 + 3*z**2/2 + 3*z + 109. What is b(n)?
-6
Let n(b) be the third derivative of -b**6/120 - 7*b**5/60 + 7*b**4/24 + 5*b**3/6 - 149*b**2. Give n(-8).
13
Let w(v) = -v**2 + 9*v - 6. Let b be (22/55)/(0 + (-1)/(-5)). Suppose 0 = n + b*n - 21. What is w(n)?
8
Let x(z) = -z**2 - 3*z + 13. Let f be x(-5). Let w(i) = -1. Let b(v) be the first derivative of v**2/2 - 3. Let y(j) = -b(j) + 3*w(j). Calculate y(f).
-6
Let t = -107 + 113. Let f(q) = q**3 - 5*q**2 - 8*q + 9. Determine f(t).
-3
Suppose 0*g = -g - 2. Suppose 5 = u - 4. Let r(l) = 2*l - 29 + 7 + u + 11. Give r(g).
-6
Let d(y) = -9*y + 1. Suppose 0 = -4*k - 14 + 62. Suppose -k = -3*o + 9. Suppose 0 = -11*w + o*w + 8. Determine d(w).
-17
Let b(j) = j**2 - 5*j. Let f(t) = 9*t - 13. Let n be f(2). Suppose -25 = -n*d - 0*d. Determine b(d).
0
Let s(t) be the third derivative of -t**6/120 + t**5/10 - t**4/6 + 4*t**3/3 - 158*t**2. Calculate s(6).
-16
Let l be -14*(24/28)/(-3). Let q be (2/l)/(4/8). Let o(k) = 8*k - 1. What is o(q)?
7
Let m = -119 - -117. Let f(i) = -5*i - 4. Let z(s) = s + 1. Let q(r) = -f(r) - 4*z(r). What is q(m)?
-2
Let s(d) = -d**2 + 11*d + 120. Let y be s(-7). Let h(x) = -3*x - 16. Calculate h(y).
2
Suppose -x = 5*z + 103, -4*x + 0 = 4*z + 92. Let n = z + 25. Suppose -20 = -n*m - 2*c + c, 2*c = 10. Let l(y) = -2*y**3 + 3*y**2 + 3*y + 2. What is l(m)?
-16
Let u(d) = d**3 - 5*d**2 - 2*d + 16. Let g be u(5). Let b(l) = -l - 2 + 6*l + 0*l - l**2 + 2*l. What is b(g)?
4
Suppose 3*z - z = -2. Suppose -6 = -2*j - 2. Let t(n) = -2*n + 0 - 9 + 4*n**j + 5 + 3. Calculate t(z).
5
Let w(v) = -5*v**2 + 37*v - 11. Let o be w(7). Let u(z) = 3*z**2 + 4*z - 4. What is u(o)?
35
Let r = -29 - -36. Let s(k) = -2*k + 10*k - k**3 - 2 + r - 4*k**2. Give s(-5).
-10
Let t(y) = -y**2 + 3. Let a be t(-3). Let w(p) = -13*p + 20. Let j(g) = 6*g - 7. Let o(b) = -5*j(b) - 2*w(b). Determine o(a).
19
Let h(c) = -50*c + 18. Let m be h(-5). Let s(b) = -268*b + b**2 + 4 + m*b. Give s(0).
4
Let h(g) = -4*g**2 + 1. Let o(b) = b**3 - 6*b**2 - 5*b + 8*b - b**2 + 3*b**2. Let l be o(3). Suppose l = t + 2*t + 4*m + 17, -2*t - 23 = 5*m. Determine h(t).
-3
Let b(h) = -h - 13*h**2 + 0*h + h**3 - 10*h**2 - 2 + 20*h**2. Suppose n + 3 = 5*s + 4, -s - 5 = n. Let v(o) = o**2 + 3*o - 1. Let m be v(n). Determine b(m).
-5
Suppose 0 = -0*q - q + 4*j + 18, 4*q - 4*j = 24. Let a(i) = 75*i**3 + 6*i**2 - 4*i - 2*i**2 + 3 - i**2 - 76*i**3. Calculate a(q)